{"id":1133,"date":"2025-09-17T21:20:37","date_gmt":"2025-09-17T21:20:37","guid":{"rendered":"https:\/\/winiszewski.com\/wordpres\/?page_id=1133"},"modified":"2025-09-17T21:20:37","modified_gmt":"2025-09-17T21:20:37","slug":"oferta","status":"publish","type":"page","link":"https:\/\/winiszewski.com\/wordpres\/oferta\/","title":{"rendered":"oferta"},"content":{"rendered":"\n<!--more-->\n\n\n\n<p class=\"has-text-align-center\">Podstaw\u0105 oferty sekcji Taekwon-do Kickboxing S\u0142upsk \/ <strong>winiszewski.com<\/strong> s\u0105 systematyczne treningi Taekwon-do ITF oraz Kickboxingu dostosowane metodycznie do poszczeg\u00f3lnych grup wiekowych, tj. przedszkolak\u00f3w, dzieci wczesnoszkolnych, dzieci szkolnych oraz m\u0142odzie\u017cy\u00a0i doros\u0142ych.<br>Kalendarz trening\u00f3w skorelowany jest \u015bci\u015ble\u00a0z<strong> kalendarzem zaj\u0119\u0107 szkolnych<\/strong> uwzgl\u0119dniaj\u0105c wszelkie przerwy \u015bwi\u0105teczne i inne.<br>Kolejnym sta\u0142ym, ale <strong>dodatkowo p\u0142atnym<\/strong> elementem s\u0105 egzaminy uczniowskie CUP, kt\u00f3re przeprowadzane s\u0105 zazwyczaj jeden raz w ci\u0105gu sezonu treningowego i s\u0142u\u017c\u0105 do kontroli post\u0119p\u00f3w\u00a0\u00a0u os\u00f3b trenuj\u0105cych &#8211; maj\u0105 podobne zadanie niczym \u201eklas\u00f3wki\u201d w szkole.<\/p>\n","protected":false},"excerpt":{"rendered":"","protected":false},"author":1,"featured_media":0,"parent":0,"menu_order":0,"comment_status":"closed","ping_status":"closed","template":"","meta":{"footnotes":""},"class_list":["post-1133","page","type-page","status-publish","hentry"],"_links":{"self":[{"href":"https:\/\/winiszewski.com\/wordpres\/wp-json\/wp\/v2\/pages\/1133","targetHints":{"allow":["GET"]}}],"collection":[{"href":"https:\/\/winiszewski.com\/wordpres\/wp-json\/wp\/v2\/pages"}],"about":[{"href":"https:\/\/winiszewski.com\/wordpres\/wp-json\/wp\/v2\/types\/page"}],"author":[{"embeddable":true,"href":"https:\/\/winiszewski.com\/wordpres\/wp-json\/wp\/v2\/users\/1"}],"replies":[{"embeddable":true,"href":"https:\/\/winiszewski.com\/wordpres\/wp-json\/wp\/v2\/comments?post=1133"}],"version-history":[{"count":1,"href":"https:\/\/winiszewski.com\/wordpres\/wp-json\/wp\/v2\/pages\/1133\/revisions"}],"predecessor-version":[{"id":1134,"href":"https:\/\/winiszewski.com\/wordpres\/wp-json\/wp\/v2\/pages\/1133\/revisions\/1134"}],"wp:attachment":[{"href":"https:\/\/winiszewski.com\/wordpres\/wp-json\/wp\/v2\/media?parent=1133"}],"curies":[{"name":"wp","href":"https:\/\/api.w.org\/{rel}","templated":true}]}}